In base 14, what is -19 - 1da90d?
-1da928
In base 14, what is 47a5 - -d9d9?
143a0
In base 10, what is -52999 + 959?
-52040
In base 16, what is -3c5da03e - 1?
-3c5da03f
In base 9, what is 4 + -20366276?
-20366272
In base 2, what is 101 + 100011011100101110010101?
100011011100101110011010
In base 12, what is -837b + -1364?
-9723
In base 16, what is -316bd + -1a?
-316d7
In base 6, what is -1231020312 + 4?
-1231020304
In base 11, what is 5085 + 197?
5271
In base 9, what is 27582 + -188?
27383
In base 11, what is 6165 - 24136?
-18a81
In base 2, what is 101010 - -101001110110001001?
101001110110110011
In base 11, what is 1 - 2665107?
-2665106
In base 12, what is -5bb7456 + 0?
-5bb7456
In base 15, what is -17 - d0ce3e?
-d0ce56
In base 13, what is -50b - -34c2?
2cb4
In base 2, what is 0 + -101111101000101100111011?
-101111101000101100111011
In base 11, what is -396485 + -20?
-3964a5
In base 15, what is 116be + -3e?
11680
In base 15, what is -3 - 26a800?
-26a803
In base 9, what is -3 + 308737837?
308737834
In base 12, what is -7b64a29 + -5?
-7b64a32
In base 5, what is -1301 + -10103130?
-10104431
In base 8, what is -151 + -2547757?
-2550130
In base 11, what is -746 + -159512?
-15a158
In base 13, what is -4 + 5877a1?
58779a
In base 3, what is -22 + 22000112010022?
22000112010000
In base 13, what is -4 - -1a56b7c4?
1a56b7c0
In base 8, what is 3733 - -146033?
151766
In base 14, what is 167d - 9ad?
ab0
In base 4, what is 33112110303 + -10?
33112110233
In base 12, what is 220 + 10a1576?
10a1796
In base 14, what is c154 + c041?
1a195
In base 2, what is -11010011101110110 - 11000?
-11010011110001110
In base 12, what is 1056 - -930?
1986
In base 6, what is 335 - 12520452?
-12520113
In base 9, what is -2 - 27180674?
-27180676
In base 10, what is -927711 - -33?
-927678
In base 4, what is 111 - 123222312313?
-123222312202
In base 7, what is 31 + 124116635?
124116666
In base 2, what is -10 + 110101001011011011110100110?
110101001011011011110100100
In base 9, what is -4246 - -3346?
-800
In base 4, what is -12 + -131113000?
-131113012
In base 2, what is -100000000 - -11011100010110100010?
11011100010010100010
In base 2, what is -111 - -1000110111110011001111011?
1000110111110011001110100
In base 13, what is 1 + -19215116?
-19215115
In base 10, what is -6 - -6119759?
6119753
In base 11, what is -1824 - 8137?
-9960
In base 10, what is -575 + 29025?
28450
In base 6, what is -111043 + -122035?
-233122
In base 8, what is -13343725 + 22?
-13343703
In base 11, what is 4 + -57462?
-57459
In base 11, what is 0 - -3796219?
3796219
In base 5, what is 1 + -4012242422?
-4012242421
In base 14, what is -2 + -5cd7a0?
-5cd7a2
In base 15, what is -18 - -5bb9c9?
5bb9b1
In base 9, what is -4887 - 37?
-5035
In base 13, what is -3c968 - -183?
-3c7b5
In base 7, what is -106601561 - -4?
-106601554
In base 10, what is 90 + 58694?
58784
In base 8, what is -7274773 - -30?
-7274743
In base 11, what is 0 + -828749a?
-828749a
In base 5, what is 4 - -1330030?
1330034
In base 13, what is -18 - 28c93?
-28cab
In base 2, what is 100 - 101011101011101100110000110?
-101011101011101100110000010
In base 3, what is -2212 + -11110221021?
-11111001010
In base 8, what is -2 - 14773271?
-14773273
In base 14, what is -2516 - 12c?
-2644
In base 11, what is 43639 - 598?
43051
In base 14, what is -addb1 + -3?
-addb4
In base 8, what is -7 - 63?
-72
In base 5, what is -214 + -111442124?
-111442343
In base 14, what is -3492a6 - -9?
-34929b
In base 12, what is -24b7 - 103b?
-3536
In base 2, what is 101 - -101011011010011010111100?
101011011010011011000001
In base 11, what is -297 + -29741?
-29a28
In base 12, what is -4a5b74 - 14?
-4a5b88
In base 4, what is 32310 + 11220112?
11313022
In base 6, what is -3 + -11143052?
-11143055
In base 10, what is 17416 - -4529?
21945
In base 9, what is -1586587121 - 5?
-1586587126
In base 6, what is 0 + -101152125?
-101152125
In base 16, what is 5d0e3b - -1?
5d0e3c
In base 10, what is -2 + -43362640?
-43362642
In base 3, what is 110021222001101 - 2222?
110021221221102
In base 3, what is -110220010 - -11201?
-110201102
In base 10, what is -1 + -87069142?
-87069143
In base 13, what is -3 + a878c2c?
a878c29
In base 15, what is 10 - -ce4a7?
ce4b7
In base 16, what is -1 - 981bfb?
-981bfc
In base 10, what is 22774029 - -4?
22774033
In base 10, what is 89050 + -101?
88949
In base 16, what is -11e1bef5 - -2?
-11e1bef3
In base 12, what is 186b3 - -4972?
21465
In base 8, what is -13 - -4615706?
4615673
In base 5, what is 1303114043 + 1000?
1303120043
In base 10, what is -77962 - 963?
-78925
In base 2, what is -10101001101000001101010101101 - -10?
-10101001101000001101010101011
In base 10, what is 246 + -11489?
-11243
In base 13, what is a65b1071 - 2?
a65b106c
In base 14, what is 47 + -617749?
-617702
In base 2, what is -1001010110010100000101110011 - -10?
-1001010110010100000101110001
In base 9, what is -138331 + 154?
-138166
In base 14, what is 1b7 + 874c?
8925
In base 14, what is -4 - -d70d779?
d70d775
In base 8, what is 17323 + 25137?
44462
In base 7, what is -350 + 225336?
224656
In base 13, what is -8 - -805608?
805600
In base 8, what is -62253 + 626?
-61425
In base 11, what is 154 + -526355?
-526201
In base 11, what is 81 - -8638593?
8638664
In base 5, what is 2 + -113323304414?
-113323304412
In base 13, what is 121c33b - 16?
121c325
In base 9, what is 226 - -1348?
1575
In base 16, what is fca758 + -46?
fca712
In base 13, what is -5 - 8158212?
-8158217
In base 12, what is -649717 - 1a?
-649735
In base 5, what is -3 + 213410031332?
213410031324
In base 3, what is -1111101 - -1201202111?
1200021010
In base 3, what is 211200221210011100 - -2?
211200221210011102
In base 6, what is -42540141 - 10?
-42540151
In base 16, what is 721d95 - 2?
721d93
In base 16, what is 4 - -4295ae2?
4295ae6
In base 12, what is -25120 - -4132?
-20baa
In base 11, what is 15113164 - -3?
15113167
In base 7, what is -4 - -13153353?
13153346
In base 16, what is -22 - -1b30b?
1b2e9
In base 11, what is 110 - 1a9110?
-1a9000
In base 10, what is 26 - -1272697?
1272723
In base 15, what is -8 - -34c3403?
34c33ea
In base 11, what is -6 - 716675?
-716680
In base 4, what is -31032031302201 - 11?
-31032031302212
In base 6, what is 443253 - -10425?
454122
In base 8, what is -5 - 20042453?
-20042460
In base 5, what is -3 - -4414140314?
4414140311
In base 6, what is 54 + 2340444?
2340542
In base 9, what is 1 + 2562383?
2562384
In base 8, what is 2 - -675706?
675710
In base 14, what is 1a45db + -72?
1a4569
In base 8, what is -1147 + 37647?
36500
In base 6, what is -31 - 3322000?
-3322031
In base 7, what is 126 + 2136045?
2136204
In base 11, what is -89676594 - 4?
-89676598
In base 10, what is 4 - 36121165?
-36121161
In base 8, what is -3 - 24713771?
-24713774
In base 4, what is 30320003 - 3211?
30310132
In base 12, what is -3100024a - -5?
-31000245
In base 4, what is -112223 - -1330?
-110233
In base 14, what is 1 - 46433?
-46432
In base 14, what is 9356 - 1dc?
9158
In base 5, what is 2 - 122301103010?
-122301103003
In base 7, what is -2160556 + 20?
-2160536
In base 7, what is -36235 - 23511?
-63046
In base 12, what is -a8433 - 5?
-a8438
In base 3, what is -1000200 + -1110222101?
-1112000001
In base 14, what is -107 - 1858d?
-18696
In base 12, what is 10a728 - -5a?
10a786
In base 11, what is -25862a - a3?
-258722
In base 14, what is -5 - -2873d7?
2873d2
In base 10, what is -631264 + 78?
-631186
In base 16, what is 1347 - 201?
1146
In base 5, what is 2 + -241441243021?
-241441243014
In base 16, what is -9 + 6acf5?
6acec
In base 10, what is -798067 - 225?
-798292
In base 11, what is -11a4aa81 + 6?
-11a4aa76
In base 9, what is 3 - -6014450?
6014453
In base 14, what is -19 - 18819c?
-1881b7
In base 5, what is -4 + -113111222243?
-113111222302
In base 4, what is 10203033023 - -1111?
10203100200
In base 13, what is 13 + 189c4a6?
189c4b9
In base 11, what is -16a635a - 5?
-16a6364
In base 10, what is -813922 + 4?
-813918
In base 8, what is 15512 + 5337?
23051
In base 6, what is 230405 + 123?
230532
In base 15, what is -9 + 155d14a?
155d141
In base 10, what is 2070947 - -2?
2070949
In base 7, what is 43 + 42360120?
42360163
In base 14, what is 3a6736 - 0?
3a6736
In base 6, what is 14423 - -423325?
442152
In base 16, what is -d - 83fd81?
